{"id":56,"date":"2020-07-03T18:13:17","date_gmt":"2020-07-03T18:13:17","guid":{"rendered":"http:\/\/www.norfi.fi\/kauppa\/?post_type=product&#038;p=56"},"modified":"2020-10-03T12:08:15","modified_gmt":"2020-10-03T12:08:15","slug":"norfi-clamp-w1","status":"publish","type":"product","link":"https:\/\/www.norfi.fi\/kauppa\/product\/norfi-clamp-w1\/","title":{"rendered":"NORFI CLAMP W1"},"content":{"rendered":"<p>   Tasainen voiman jakautuminen<br \/>\n   Kiristin ei taivu poisp\u00e4in kiristett\u00e4ess\u00e4<br \/>\n   Py\u00f6ristetyt reunat ehk\u00e4isee vammoja ja letkun vaurioita<br \/>\n   Letkuside, side\/nauha: Alusinkitty\u00e4 ter\u00e4st\u00e4  materiaali.<\/p>\n<p>   K\u00e4ytt\u00f6alue<br \/>\n   Yleinen kiinnitys letkun<\/p>\n","protected":false},"excerpt":{"rendered":"<p>Klemmari\/Putkenside<\/p>\n","protected":false},"featured_media":53,"comment_status":"open","ping_status":"closed","template":"","meta":[],"_links":{"self":[{"href":"https:\/\/www.norfi.fi\/kauppa\/wp-json\/wp\/v2\/product\/56"}],"collection":[{"href":"https:\/\/www.norfi.fi\/kauppa\/wp-json\/wp\/v2\/product"}],"about":[{"href":"https:\/\/www.norfi.fi\/kauppa\/wp-json\/wp\/v2\/types\/product"}],"replies":[{"embeddable":true,"href":"https:\/\/www.norfi.fi\/kauppa\/wp-json\/wp\/v2\/comments?post=56"}],"wp:featuredmedia":[{"embeddable":true,"href":"https:\/\/www.norfi.fi\/kauppa\/wp-json\/wp\/v2\/media\/53"}],"wp:attachment":[{"href":"https:\/\/www.norfi.fi\/kauppa\/wp-json\/wp\/v2\/media?parent=56"}],"curies":[{"name":"wp","href":"https:\/\/api.w.org\/{rel}","templated":true}]}}